en 29 is divided by g.
5
Let c = 14208 + -14185. Calculate the remainder when 5467 is divided by c.
16
Let a(o) = 9*o**2 - 8*o + 7. Let s be -1*4 + -25 + 7. Let c = s - -47. What is the remainder when a(3) is divided by c?
14
Suppose -5*n - 4*q + 8*q = -71, 4*q = -4*n + 64. Let x be (-168)/(-20) + -1 + n/25. Suppose 0 = x*d - 10*d + 284. What is the remainder when d is divided by 48?
46
Let y(q) = 4*q - 24. Let k = -19 + 27. Let m be y(k). What is the remainder when 35 is divided by (80/28)/(m/28)?
5
Let o(c) = 754*c - 401. Calculate the remainder when o(3) is divided by 305.
31
Let s(w) = 2*w**3 - 8*w**2 + 24*w - 14. What is the remainder when 625 is divided by s(5)?
1
Suppose 0 = 3*i + 2*c - 7, -11*i + 30 = -9*i - 5*c. Let x(t) be the first derivative of 6*t**2 - 1. Calculate the remainder when x(i) is divided by 9.
6
Suppose 2*w - 64 = r, -2*r + 16 + 54 = 2*w. What is the remainder when 47 is divided by w?
14
Let s be (2 - -3 - 3 - 2) + 282. Suppose s = 5*a + a. Calculate the remainder when a is divided by 7.
5
Let f = 170 - 118. Let r(s) = -s**3 + 41*s**2 - 7*s + 491. Calculate the remainder when r(41) is divided by f.
48
Let p = -2282 - -2311. What is the remainder when 1554 is divided by p?
17
Suppose 6 = 3*w, 0*x + 250 = 4*x + w. Let f(j) = -j**3 - 3*j**2 + 8*j + 6. Calculate the remainder when x is divided by f(-5).
14
Let r be (-8)/40 + (-44)/5. Suppose 23*f + 96 = 25*f. Calculate the remainder when 56 is divided by (f/r + 2)*6/(-1).
16
Suppose d = -4*k + 3377, 0 = 2*d - 9*k - 4695 - 1940. What is the remainder when d is divided by 25?
24
Suppose 6*o = o + 555. Suppose 2611 - 541 = 10*d. Suppose 0 = 4*w - 13*w + d. What is the remainder when o is divided by w?
19
Let c(f) = 1927*f**2 - 2*f + 3. What is the remainder when c(1) is divided by 69?
65
Suppose 88*d + 754 - 360 = 24946. Calculate the remainder when 3350 is divided by d.
2
Suppose 151 = 5*h - 34 - 115. Calculate the remainder when 66 is divided by h.
6
Suppose 2*o - 1413 = -5*z, -2*z + 0*z = -2*o - 554. What is the remainder when 849 is divided by z?
6
Let t(n) = 2*n - 39. Let v(y) = -2*y + 38. Let o(s) = -3*t(s) - 2*v(s). Let a be o(0). Let w = -35 + a. Calculate the remainder when 9 is divided by w.
3
Let z be -51*1*((-28)/(-12))/(-7). Let l(q) = -8*q**2 - 7*q**2 + 17*q + z*q**2 - 10. Calculate the remainder when 58 is divided by l(-10).
18
Suppose -20 - 214 = -6*c. What is the remainder when 2 is divided by 3*(c/9 - 4)?
0
Let b = 491 - -2025. Calculate the remainder when b is divided by 168.
164
Let b(u) = 2*u + 1 + 4 - u. Let j(x) = x**3 + 9*x**2 + 12*x + 35. Let d be j(-8). What is the remainder when 87 is divided by b(d)?
7
Suppose -68 = 4*x - 54 - 58. Calculate the remainder when 259 is divided by x.
6
Suppose -2*l = -5*q + 65, 2*l + 26 = 2*q + 3*l. Suppose -85 = 4*j - 317. What is the remainder when j is divided by q?
6
Let p = -19580 - -21419. Calculate the remainder when p is divided by 16.
15
Let x(s) = -2*s + 90 + 3*s - 83. Suppose -63 = 10*j - 17*j. Calculate the remainder when 28 is divided by x(j).
12
Let x = 46 + -24. Suppose 17*j = x*j + 60. What is the remainder when (-1768)/(-12) - 8/j is divided by 30?
28
Suppose 137*u - 120*u - 136 = 0. Suppose -4*i - i - 4*m = -124, -5*m - 91 = -4*i. Let z = i - -77. Calculate the remainder when z is divided by u.
5
Suppose 735697 + 128363 = 435*j - 507495. Calculate the remainder when j is divided by 629.
8
Suppose -3*t + 26*h = 21*h - 83, -4*t - 5*h = -64. What is the remainder when 600 is divided by t?
12
Let n = 14219 - 14032. What is the remainder when 335 is divided by n?
148
Let p = -100 + 112. Suppose p*c = 24*c - 240. Calculate the remainder when 94 is divided by c.
14
Suppose -5*j = 5, -u - j = 4*u - 259. Let i = 113 - 86. Calculate the remainder when u is divided by i.
25
Let g(d) = d**3 - 3*d**2 + 4*d. Let k = -97 - -138. Suppose k*u - 1402 = 1468. What is the remainder when u is divided by g(3)?
10
Suppose -926 + 265 = -28*g + 991. Calculate the remainder when 15870 is divided by g.
58
Suppose -3*a = 4*u - 164, a = 3*u - 4*a - 94. Calculate the remainder when u is divided by 24.
14
Suppose 4*s - 7 - 5 = 0. Let t(k) = -s*k - 3 + 4*k - 4 + 2*k. What is the remainder when 39 is divided by t(7)?
11
Let v = -26 - -26. Suppose -4*n + 230 = 3*x - v*n, 2*x = n + 146. Let d = x + -43. Calculate the remainder when 58 is divided by d.
27
Suppose -160*n + 165*n = 2*p - 173, 4*n - 332 = -4*p. Let f(s) = 7*s - 4. What is the remainder when p is divided by f(4)?
12
Let j be (-6)/(-4)*(140 + (5 - 1)). Suppose -8*m + 17*m - j = 0. Suppose -5*l = -2*l - h - 203, -2*l + 5*h = -118. What is the remainder when l is divided by m?
21
Let w(g) = -g**3 - 18*g**2 + 17*g - 24. Let i be (-1 + 1 + 1)/(-1)*19. What is the remainder when (-318)/(-6) + 2/(-2) is divided by w(i)?
10
Let c(z) = 73 - z**3 + 2*z**3 - 31*z - 7*z**2 + 8*z**2 + 0*z**2 + 13*z. Calculate the remainder when 311 is divided by c(4).
68
Let p = 7140 + -4064. Calculate the remainder when p is divided by 56.
52
Suppose 8*a = -p + 482, 0 = -93*a + 98*a - 5*p - 290. Suppose 3*r - 37 = -o - 4*o, 11 = o - 3*r. Calculate the remainder when a is divided by o.
4
Let x = 223 + -145. Suppose -5*u - 28*a + 7004 = -29*a, -3*u + 4218 = 2*a. What is the remainder when u is divided by x?
76
Let n = -498 + 3342. What is the remainder when n is divided by 219?
216
Suppose d = -2*h + 2*d + 7, -5*h + 40 = 2*d. Suppose -3 = 4*l - 5*z - 129, 3*z = 3*l - 93. Let a = h + l. What is the remainder when a is divided by 6?
5
Suppose 175*z - 21*z = 65926 + 43568. Calculate the remainder when z is divided by 238.
235
Let p = -65 - -119. Calculate the remainder when 21/5*(309/9 - 21) is divided by p.
2
Suppose -23493 - 3293 + 2384 = -294*v. What is the remainder when 2986 is divided by v?
81
Suppose -9848*j = -9850*j + 1434. Calculate the remainder when j is divided by 80.
77
Suppose -2*u + u = -4. Suppose u*z + 72 = 8*z. Calculate the remainder when 60 is divided by z.
6
Let d(u) = -39*u + 227. Let s be d(6). What is the remainder when 327 is divided by 40 - 35/((-35)/s)?
30
Suppose -4*k = -20, -47*y + 44*y - 5*k = -562. What is the remainder when y is divided by 32?
19
Suppose 0 = -5*q - 2*n + 120, -7*q + 2*n + 62 = -5*q. Suppose -21*o - q = -2*i - 19*o, -3*o = -i + 23. What is the remainder when 181 is divided by i?
5
Let r = -50 - -85. Suppose -30*l = -r*l + 100. Calculate the remainder when 69 is divided by l.
9
Suppose 0 = -3*y + 41*y - 1126740 - 34464. Calculate the remainder when y is divided by 259.
255
Let s(t) = t**3 - 11*t**2 + 10*t - 5. Let m be s(12). Let u = m + -145. What is the remainder when u is divided by -6*3/(18/(-40))?
34
Let l = -354 - -832. Suppose 1819*d = 1824*d + 5*k - 260, 0 = 2*d - 5*k - 160. Calculate the remainder when l is divided by d.
58
Let r(x) = x**3 - 28*x**2 + 152*x - 76. Calculate the remainder when r(23) is divided by 7.
5
Let p(k) = -105 + 38 - 3*k**2 + 17*k - k**2 + 5*k**2. What is the remainder when 170 is divided by p(-22)?
41
Suppose -y - 995 = -j, -999 = -j + y + 2*y. What is the remainder when j is divided by 70?
13
Let p be (9 + -6)*1 - -1. What is the remainder when (-1)/(p/(-18) + 7414/34254) is divided by 36?
29
Let k = 613 - -338. Calculate the remainder when k is divided by (-2)/(-9) + (-4832)/(-288).
16
Let u(v) = -13*v**2 + 5*v + 13. Let l(j) = 7*j**2 - 2*j - 6. Let z(i) = 5*l(i) + 2*u(i). Calculate the remainder when 43 is divided by z(2).
11
Let r = -11039 + 12841. What is the remainder when r is divided by 21?
17
Let k be 10/(-3)*99/(-55). Suppose 0 = -4*z + k*z - 104. What is the remainder when -9 + 160 + (0 - -3) is divided by z?
50
Let k be (-12)/16 + (-76)/(-16) + 0. Suppose -2*o + k*a + 71 = 3*a, 4*a + 144 = 4*o. Let h = -22 + 35. What is the remainder when o is divided by h?
9
Calculate the remainder when 2464/330*10 + (-2)/(-6) is divided by 19.
18
Let g be ((-95)/(-3))/(6/18). Suppose -4*m + 79 = 3*u, -g = 4*m - 9*m - 3*u. Suppose 28*y + 78 = 41*y. Calculate the remainder when m is divided by y.
4
Suppose -4*c + 4*c + 272 = 16*c. What is the remainder when 263 is divided by c?
8
Suppose 3*p + 30 = 21. Let f be 30/10 + 12/p. Calculate the remainder when f + 2 - (-42 - -9) is divided by 12.
10
Let x(p) = 2*p**3 - 4*p**2 - 4*p + 8